417
Calculate the highest common divisor of 336 and 4602640.
112
Calculate the greatest common factor of 501054968 and 6533.
6533
Calculate the highest common divisor of 28814160 and 240.
240
Calculate the greatest common factor of 2380633098 and 6.
6
What is the greatest common factor of 1635 and 51233379?
327
Calculate the greatest common divisor of 202068 and 324.
108
Calculate the greatest common divisor of 16 and 4257368.
8
What is the greatest common factor of 11630110 and 320?
10
What is the highest common divisor of 409825 and 53675?
25
Calculate the highest common divisor of 14530 and 89330.
10
Calculate the greatest common factor of 61349581 and 309.
103
Calculate the greatest common divisor of 22560 and 2889184.
1504
Calculate the greatest common divisor of 2648 and 4733962.
662
Calculate the greatest common divisor of 31404210 and 5.
5
What is the highest common divisor of 14 and 9863056?
14
What is the greatest common divisor of 36920 and 2649720?
2840
What is the highest common divisor of 4842927 and 123093?
423
Calculate the greatest common factor of 26441 and 32011173.
193
Calculate the highest common divisor of 656417332 and 20512.
2564
Calculate the highest common divisor of 2743892 and 44.
4
What is the highest common factor of 16722 and 9719198?
1858
What is the highest common divisor of 28112 and 141520?
16
Calculate the greatest common factor of 706644 and 2592.
324
Calculate the highest common divisor of 1318002 and 3381.
147
Calculate the highest common factor of 138992323 and 34.
17
Calculate the greatest common divisor of 132 and 201624324.
132
Calculate the highest common divisor of 441186525 and 117.
117
Calculate the highest common divisor of 70 and 6041710.
10
What is the highest common divisor of 97956 and 12447668?
3628
What is the highest common divisor of 84 and 5491150?
14
What is the highest common divisor of 3893 and 79854361?
229
Calculate the greatest common divisor of 263780 and 1044220.
2180
What is the highest common divisor of 44874 and 171186?
1662
What is the greatest common divisor of 183467394 and 65909?
3877
What is the greatest common divisor of 31242 and 294339?
123
Calculate the highest common factor of 3229506 and 28.
14
Calculate the highest common factor of 379290 and 4633542.
282
What is the greatest common divisor of 8500 and 11810?
10
Calculate the highest common divisor of 1145 and 179052352.
229
Calculate the highest common divisor of 950 and 5321862.
38
Calculate the greatest common divisor of 29900 and 7293300.
2300
Calculate the highest common divisor of 130 and 1699844510.
130
Calculate the greatest common factor of 76214366 and 34.
34
Calculate the highest common factor of 6579213 and 9.
3
What is the highest common divisor of 131261722 and 257?
257
What is the highest common divisor of 14280896 and 672?
224
Calculate the highest common factor of 195 and 15048345.
195
What is the greatest common divisor of 8511765 and 15?
15
Calculate the highest common divisor of 71487 and 177660.
423
Calculate the greatest common factor of 103872 and 31080.
24
What is the greatest common divisor of 72186 and 124338?
318
Calculate the greatest common divisor of 24748 and 1024328.
92
What is the greatest common divisor of 3985763834 and 26?
26
Calculate the greatest common factor of 414 and 3401082.
18
Calculate the greatest common divisor of 3956 and 637733.
43
Calculate the highest common divisor of 53952 and 8440512.
192
Calculate the highest common divisor of 212 and 73704079.
53
What is the greatest common divisor of 37200 and 460425?
75
What is the highest common factor of 15232 and 4652781?
119
What is the greatest common factor of 2052132750 and 1629?
1629
What is the highest common divisor of 59234 and 119?
7
Calculate the highest common factor of 112 and 1492043.
7
Calculate the greatest common factor of 847633 and 1184851.
1147
What is the greatest common divisor of 190203 and 4602?
39
What is the highest common factor of 118048 and 6008296?
1736
What is the greatest common factor of 653107038 and 3183?
3183
What is the highest common factor of 606 and 36222?
6
What is the greatest common divisor of 234 and 4683406?
26
Calculate the greatest common divisor of 110201 and 15889185.
2249
Calculate the greatest common factor of 42 and 60379494.
42
Calculate the highest common divisor of 7375117 and 18104.
2263
What is the highest common divisor of 2079277540 and 38?
38
Calculate the highest common factor of 2969425 and 388475.
1025
Calculate the greatest common divisor of 1168 and 23566006.
146
Calculate the highest common divisor of 3468575 and 22.
11
Calculate the highest common factor of 727483445 and 230.
115
Calculate the greatest common factor of 5208 and 5030277.
651
What is the highest common divisor of 21529960 and 440?
40
Calculate the highest common factor of 227997434 and 9268.
4634
Calculate the highest common factor of 8095 and 7542921.
1619
What is the greatest common divisor of 10655 and 10117988?
2131
Calculate the highest common factor of 201993 and 99.
33
What is the greatest common factor of 109539833 and 3224?
403
Calculate the highest common divisor of 89667540 and 30.
30
What is the highest common factor of 13 and 142812098?
13
Calculate the highest common factor of 14768 and 226096.
208
What is the greatest common divisor of 659451240 and 19152?
9576
Calculate the greatest common divisor of 18992232 and 8064.
504
Calculate the highest common factor of 2856 and 24461776.
136
What is the highest common factor of 33223284 and 27?
27
Calculate the highest common divisor of 4150 and 8481575.
25
What is the greatest common divisor of 13728 and 708312?
264
What is the highest common factor of 427 and 6558293?
427
Calculate the highest common divisor of 1310195 and 5405.
115
What is the greatest common divisor of 78908316 and 156?
12
Calculate the greatest common divisor of 251965 and 30107.
161
Calculate the highest common divisor of 438482 and 32908.
38
Calculate the greatest common divisor of 612 and 121608.
36
Calculate the greatest common divisor of 490802 and 3951.
439
What is the greatest common factor of 4078204 and 25480?
52
Calculate the highest common factor of 308 and 17622803.
11
What is the greatest common factor of 37303405 and 790?
395
Calculate the highest common divisor of 469650 and 1089285.
1515
Calculate the highest common divisor of 6431412 and 104.
52
Calculate the highest common factor of 18103481 and 2123.
11
What is the greatest common divisor of 687776366 and 194?
194
What is the greatest common factor of 14203546 and 14?
14
What is the highest common factor of 20114768 and 7600?
304
What is the greatest common factor of 413560 and 680?
40
Calculate the greatest common factor of 2635660 and 920.
20
Calculate the highest common divisor of 40030675 and 100.
25
What is the greatest common factor of 1246 and 22978910?
178
What is the highest common divisor of 64792 and 625937?
1157
Calculate the highest common divisor of 1296 and 101771640.
648
What is the highest common factor of 1198381 and 35639?
157
Calculate the highest common factor of 123 and 911837376.
123
What is the greatest common divisor of 249379328 and 110?
22
Calculate the greatest common divisor of 46 and 5993179.
23
What is the greatest common factor of 94435 and 48620?
935
Calculate the highest common factor of 2429168 and 786094.
1058
What is the highest common factor of 120312 and 1501672?
4456
What is the greatest common factor of 56766 and 6342?
6
What is the highest common divisor of 2649571 and 45193?
1051
What is the greatest common factor of 51003364 and 4?
4
What is the greatest common factor of 923668 and 9916?
148
Calculate the greatest common divisor of 1214 and 71238127.
607
Calculate the highest common divisor of 70476580 and 20.
20
What is the greatest common factor of 430805358 and 166?
166
What is the highest common factor of 84227 and 3887?
13
What is the greatest common divisor of 15446908 and 13616?
148
Calculate the greatest common factor of 73220 and 178343.
523
What is the highest common divisor of 69647718 and 49?
49
What is the greatest common factor of 15400 and 22528?
88
What is the highest common factor of 1380696 and 27744?
24
Calculate the highest co